{"id":8,"date":"2014-09-23T20:49:35","date_gmt":"2014-09-23T20:49:35","guid":{"rendered":"http:\/\/vinsrapp.com\/?page_id=8"},"modified":"2025-07-10T14:31:45","modified_gmt":"2025-07-10T14:31:45","slug":"un-domaine-une-histoire","status":"publish","type":"page","link":"https:\/\/vinsrapp.com\/?page_id=8","title":{"rendered":"Un Domaine, une Histoire"},"content":{"rendered":"<p><strong><a href=\"http:\/\/vinsrapp.com\/wp-content\/uploads\/2014\/09\/cropped-IMG_0001.jpg\"><img loading=\"lazy\" decoding=\"async\" class=\"alignleft wp-image-5 size-medium\" src=\"http:\/\/vinsrapp.com\/wp-content\/uploads\/2014\/09\/cropped-IMG_0001-300x221.jpg\" alt=\"cropped-IMG_0001.jpg\" width=\"300\" height=\"221\" srcset=\"https:\/\/vinsrapp.com\/wp-content\/uploads\/2014\/09\/cropped-IMG_0001-300x221.jpg 300w, https:\/\/vinsrapp.com\/wp-content\/uploads\/2014\/09\/cropped-IMG_0001-1024x757.jpg 1024w, https:\/\/vinsrapp.com\/wp-content\/uploads\/2014\/09\/cropped-IMG_0001.jpg 1260w\" sizes=\"auto, (max-width: 300px) 100vw, 300px\" \/><\/a>La passion du travail de la vigne et du vin se transmet\u00a0<\/strong>\u00a0<strong>de g\u00e9n\u00e9ration en g\u00e9n\u00e9ration depuis 1765, date \u00e0 <strong>laquelle la premi\u00e8re exploitation agricole de polyculture <strong>et d&rsquo;\u00e9levage fut cr\u00e9\u00e9e.<br \/>\n<strong>Ce n&rsquo;est qu&rsquo;en 1960 que la partie viticole de l&rsquo;exploitation\u00a0 <strong>devint l&rsquo;activit\u00e9 principale de la famille Rapp avec l&rsquo;abandon progressif de\u00a0 <strong>l&rsquo;\u00e9levage dans les ann\u00e9es 90. <\/strong><\/strong><\/strong><\/strong><\/strong><\/strong><\/p>\n<p><strong><strong><strong><strong><strong><strong>L&rsquo;ann\u00e9e 2004 marque un\u00a0 <strong>tournant dans l&rsquo;exploitation avec le d\u00e9m\u00e9nagement de la <strong>cave historique et son agrandissement.<br \/>\n<strong>La famille vous invite \u00e0 suivre l&rsquo;\u00e9volution de son activit\u00e9 au fil <strong>du temps avec quelques illustrations caract\u00e9ristiques.<br \/>\n<strong>Ci-dessus une illustration des vendanges de 1945 avec les grands-<strong>parents et arri\u00e8res grands-parents de Guillaume et Marilyne. Le raisin \u00e9tait <strong>transport\u00e9 dans des cuves en bois sur des remorques tir\u00e9es par des <strong>chevaux.<a href=\"http:\/\/vinsrapp.com\/wp-content\/uploads\/2014\/09\/caveau-4-copie.jpg\"><img loading=\"lazy\" decoding=\"async\" class=\"alignright wp-image-34 size-medium\" src=\"http:\/\/vinsrapp.com\/wp-content\/uploads\/2014\/09\/caveau-4-copie-300x199.jpg\" alt=\"caveau 4 copie\" width=\"300\" height=\"199\" srcset=\"https:\/\/vinsrapp.com\/wp-content\/uploads\/2014\/09\/caveau-4-copie-300x199.jpg 300w, https:\/\/vinsrapp.com\/wp-content\/uploads\/2014\/09\/caveau-4-copie.jpg 850w\" sizes=\"auto, (max-width: 300px) 100vw, 300px\" \/><\/a><\/strong><\/strong><\/strong><\/strong><\/strong><\/strong><\/strong><\/strong><\/strong><\/strong><\/strong><\/strong><\/strong><\/strong><\/p>\n","protected":false},"excerpt":{"rendered":"<p>La passion du travail de la vigne et du vin se transmet\u00a0\u00a0de g\u00e9n\u00e9ration en g\u00e9n\u00e9ration depuis 1765, date \u00e0 laquelle la premi\u00e8re exploitation agricole de polyculture et d&rsquo;\u00e9levage fut cr\u00e9\u00e9e. Ce n&rsquo;est qu&rsquo;en 1960 que la partie viticole de l&rsquo;exploitation\u00a0 devint l&rsquo;activit\u00e9 principale de la famille Rapp avec l&rsquo;abandon progressif de\u00a0 l&rsquo;\u00e9levage dans les ann\u00e9es &hellip; <a href=\"https:\/\/vinsrapp.com\/?page_id=8\" class=\"more-link\">Continuer la lecture de <span class=\"screen-reader-text\">Un Domaine, une Histoire<\/span>  <span class=\"meta-nav\">&rarr;<\/span><\/a><\/p>\n","protected":false},"author":1,"featured_media":0,"parent":0,"menu_order":2,"comment_status":"closed","ping_status":"open","template":"","meta":{"footnotes":""},"class_list":["post-8","page","type-page","status-publish","hentry"],"_links":{"self":[{"href":"https:\/\/vinsrapp.com\/index.php?rest_route=\/wp\/v2\/pages\/8","targetHints":{"allow":["GET"]}}],"collection":[{"href":"https:\/\/vinsrapp.com\/index.php?rest_route=\/wp\/v2\/pages"}],"about":[{"href":"https:\/\/vinsrapp.com\/index.php?rest_route=\/wp\/v2\/types\/page"}],"author":[{"embeddable":true,"href":"https:\/\/vinsrapp.com\/index.php?rest_route=\/wp\/v2\/users\/1"}],"replies":[{"embeddable":true,"href":"https:\/\/vinsrapp.com\/index.php?rest_route=%2Fwp%2Fv2%2Fcomments&post=8"}],"version-history":[{"count":4,"href":"https:\/\/vinsrapp.com\/index.php?rest_route=\/wp\/v2\/pages\/8\/revisions"}],"predecessor-version":[{"id":687,"href":"https:\/\/vinsrapp.com\/index.php?rest_route=\/wp\/v2\/pages\/8\/revisions\/687"}],"wp:attachment":[{"href":"https:\/\/vinsrapp.com\/index.php?rest_route=%2Fwp%2Fv2%2Fmedia&parent=8"}],"curies":[{"name":"wp","href":"https:\/\/api.w.org\/{rel}","templated":true}]}}