{"id":2617,"date":"2025-07-10T13:01:40","date_gmt":"2025-07-10T13:01:40","guid":{"rendered":"https:\/\/vinsrapp.com\/?page_id=2617"},"modified":"2025-07-10T14:05:32","modified_gmt":"2025-07-10T14:05:32","slug":"auxerrois-muhlweg-2","status":"publish","type":"page","link":"https:\/\/vinsrapp.com\/?page_id=2617","title":{"rendered":"AUXERROIS MUHLWEG"},"content":{"rendered":"\n<h1 class=\"wp-block-heading\">L&rsquo; AUXERROIS Muhlweg AOC Alsace &#8211; Demi-Sec<\/h1>\n\n\n<div class=\"wp-block-image\">\n<figure class=\"aligncenter\" id=\"block-fce017a4-218e-4b15-ac1c-7645337d1dd0\"><a href=\"http:\/\/vinsrapp.com\/wp-content\/uploads\/2014\/09\/pinot-blanc-raisin.jpg\"><img decoding=\"async\" src=\"http:\/\/vinsrapp.com\/wp-content\/uploads\/2014\/09\/pinot-blanc-raisin-196x300.jpg\" alt=\"pinot blanc raisin\"\/><\/a><\/figure>\n<\/div>\n\n\n<h6 class=\"wp-block-heading\">CEPAGE : Auxerrois<\/h6>\n\n\n\n<h6 class=\"wp-block-heading\">ROBE : Jaune p\u00e2le, brillant, limpide<\/h6>\n\n\n\n<h6 class=\"wp-block-heading\">BOUQUET : La quintessence de l\u2019Auxerrois, ses ar\u00f4mes nets et d\u00e9licats sauront se faire appr\u00e9cier.<\/h6>\n\n\n\n<h6 class=\"wp-block-heading\">ACCORDS : De l&rsquo;entr\u00e9e jusqu&rsquo;au fromage<\/h6>\n\n\n\n<div class=\"wp-block-buttons is-layout-flex wp-block-buttons-is-layout-flex\">\n<div class=\"wp-block-button\"><a class=\"wp-block-button__link has-black-color has-text-color has-background wp-element-button\" href=\"https:\/\/www.vinsrapp.com\/boutique\/aoc-alsace-2\/auxerrois-muhlweg-demi-sec-10.html\" style=\"border-radius:7px;background-color:#f5e101\">ACHETER<\/a><\/div>\n<\/div>\n\n\n\n<p><\/p>\n","protected":false},"excerpt":{"rendered":"<p>L&rsquo; AUXERROIS Muhlweg AOC Alsace &#8211; Demi-Sec CEPAGE : Auxerrois ROBE : Jaune p\u00e2le, brillant, limpide BOUQUET : La quintessence de l\u2019Auxerrois, ses ar\u00f4mes nets et d\u00e9licats sauront se faire appr\u00e9cier. ACCORDS : De l&rsquo;entr\u00e9e jusqu&rsquo;au fromage<\/p>\n","protected":false},"author":1,"featured_media":0,"parent":0,"menu_order":0,"comment_status":"closed","ping_status":"closed","template":"","meta":{"footnotes":""},"class_list":["post-2617","page","type-page","status-publish","hentry"],"_links":{"self":[{"href":"https:\/\/vinsrapp.com\/index.php?rest_route=\/wp\/v2\/pages\/2617","targetHints":{"allow":["GET"]}}],"collection":[{"href":"https:\/\/vinsrapp.com\/index.php?rest_route=\/wp\/v2\/pages"}],"about":[{"href":"https:\/\/vinsrapp.com\/index.php?rest_route=\/wp\/v2\/types\/page"}],"author":[{"embeddable":true,"href":"https:\/\/vinsrapp.com\/index.php?rest_route=\/wp\/v2\/users\/1"}],"replies":[{"embeddable":true,"href":"https:\/\/vinsrapp.com\/index.php?rest_route=%2Fwp%2Fv2%2Fcomments&post=2617"}],"version-history":[{"count":4,"href":"https:\/\/vinsrapp.com\/index.php?rest_route=\/wp\/v2\/pages\/2617\/revisions"}],"predecessor-version":[{"id":2641,"href":"https:\/\/vinsrapp.com\/index.php?rest_route=\/wp\/v2\/pages\/2617\/revisions\/2641"}],"wp:attachment":[{"href":"https:\/\/vinsrapp.com\/index.php?rest_route=%2Fwp%2Fv2%2Fmedia&parent=2617"}],"curies":[{"name":"wp","href":"https:\/\/api.w.org\/{rel}","templated":true}]}}