{"id":1344,"date":"2018-02-04T21:11:54","date_gmt":"2018-02-04T21:11:54","guid":{"rendered":"http:\/\/vinsrapp.com\/?page_id=1344"},"modified":"2019-11-20T16:05:32","modified_gmt":"2019-11-20T16:05:32","slug":"sur-son-31","status":"publish","type":"page","link":"https:\/\/vinsrapp.com\/?page_id=1344&lang=de","title":{"rendered":"Sur son 31 (de)"},"content":{"rendered":"<h1>Sur son 31 &#8211;\u00a0 Sylvaner AOP Alsace<\/h1>\n<p><a href=\"http:\/\/vinsrapp.com\/wp-content\/uploads\/2014\/10\/sylvaner-2.jpg\"><img loading=\"lazy\" decoding=\"async\" class=\"alignnone size-medium wp-image-211\" src=\"http:\/\/vinsrapp.com\/wp-content\/uploads\/2014\/10\/sylvaner-2-144x300.jpg\" alt=\"sylvaner 2\" width=\"144\" height=\"300\" srcset=\"https:\/\/vinsrapp.com\/wp-content\/uploads\/2014\/10\/sylvaner-2-144x300.jpg 144w, https:\/\/vinsrapp.com\/wp-content\/uploads\/2014\/10\/sylvaner-2-491x1024.jpg 491w, https:\/\/vinsrapp.com\/wp-content\/uploads\/2014\/10\/sylvaner-2.jpg 624w\" sizes=\"auto, (max-width: 144px) 100vw, 144px\" \/><\/a><\/p>\n<p>&nbsp;<\/p>\n<p>Rebsorte : Sylvaner<\/p>\n<p>Farbe : Goldgelb, blass, klar und brillant<\/p>\n<p>Bukett : Leicht s\u00fc\u00df, frisch, feinfr\u00fcchtig, erinnert an wei\u00dfe Blumen und Zitrusfr\u00fcchte.<\/p>\n<p>Passende Gerichte : Flammenkuchen, feine Wurstsorten, K\u00e4sefondue, raclette<\/p>\n<p><a href=\"http:\/\/vinsrapp.com\/wp-content\/uploads\/2019\/09\/echelle-Demisec-1.bmp\"><img loading=\"lazy\" decoding=\"async\" class=\"alignnone size-medium wp-image-1979\" src=\"http:\/\/vinsrapp.com\/wp-content\/uploads\/2019\/09\/echelle-Demisec-1-300x51.jpg\" alt=\"\" width=\"300\" height=\"51\" srcset=\"https:\/\/vinsrapp.com\/wp-content\/uploads\/2019\/09\/echelle-Demisec-1-300x51.jpg 300w, https:\/\/vinsrapp.com\/wp-content\/uploads\/2019\/09\/echelle-Demisec-1.bmp 306w\" sizes=\"auto, (max-width: 300px) 100vw, 300px\" \/><\/a><\/p>\n","protected":false},"excerpt":{"rendered":"<p>Sur son 31 &#8211;\u00a0 Sylvaner AOP Alsace &nbsp; Rebsorte : Sylvaner Farbe : Goldgelb, blass, klar und brillant Bukett : Leicht s\u00fc\u00df, frisch, feinfr\u00fcchtig, erinnert an wei\u00dfe Blumen und Zitrusfr\u00fcchte. Passende Gerichte : Flammenkuchen, feine Wurstsorten, K\u00e4sefondue, raclette<\/p>\n","protected":false},"author":1,"featured_media":0,"parent":1152,"menu_order":0,"comment_status":"closed","ping_status":"open","template":"","meta":{"footnotes":""},"class_list":["post-1344","page","type-page","status-publish","hentry"],"_links":{"self":[{"href":"https:\/\/vinsrapp.com\/index.php?rest_route=\/wp\/v2\/pages\/1344","targetHints":{"allow":["GET"]}}],"collection":[{"href":"https:\/\/vinsrapp.com\/index.php?rest_route=\/wp\/v2\/pages"}],"about":[{"href":"https:\/\/vinsrapp.com\/index.php?rest_route=\/wp\/v2\/types\/page"}],"author":[{"embeddable":true,"href":"https:\/\/vinsrapp.com\/index.php?rest_route=\/wp\/v2\/users\/1"}],"replies":[{"embeddable":true,"href":"https:\/\/vinsrapp.com\/index.php?rest_route=%2Fwp%2Fv2%2Fcomments&post=1344"}],"version-history":[{"count":9,"href":"https:\/\/vinsrapp.com\/index.php?rest_route=\/wp\/v2\/pages\/1344\/revisions"}],"predecessor-version":[{"id":2109,"href":"https:\/\/vinsrapp.com\/index.php?rest_route=\/wp\/v2\/pages\/1344\/revisions\/2109"}],"up":[{"embeddable":true,"href":"https:\/\/vinsrapp.com\/index.php?rest_route=\/wp\/v2\/pages\/1152"}],"wp:attachment":[{"href":"https:\/\/vinsrapp.com\/index.php?rest_route=%2Fwp%2Fv2%2Fmedia&parent=1344"}],"curies":[{"name":"wp","href":"https:\/\/api.w.org\/{rel}","templated":true}]}}