{"id":1325,"date":"2018-02-04T20:52:31","date_gmt":"2018-02-04T20:52:31","guid":{"rendered":"http:\/\/vinsrapp.com\/?page_id=1325"},"modified":"2019-11-20T16:03:36","modified_gmt":"2019-11-20T16:03:36","slug":"pinot-noir","status":"publish","type":"page","link":"https:\/\/vinsrapp.com\/?page_id=1325&lang=de","title":{"rendered":"Pinot Noir (de)"},"content":{"rendered":"<h1>PINOT NOIR AOC Alsace<\/h1>\n<p><a href=\"http:\/\/vinsrapp.com\/wp-content\/uploads\/2014\/09\/pinot-noir-raisin.jpg\"><img loading=\"lazy\" decoding=\"async\" class=\"alignnone size-medium wp-image-154\" src=\"http:\/\/vinsrapp.com\/wp-content\/uploads\/2014\/09\/pinot-noir-raisin-190x300.jpg\" alt=\"pinot noir raisin\" width=\"190\" height=\"300\" srcset=\"https:\/\/vinsrapp.com\/wp-content\/uploads\/2014\/09\/pinot-noir-raisin-190x300.jpg 190w, https:\/\/vinsrapp.com\/wp-content\/uploads\/2014\/09\/pinot-noir-raisin-649x1024.jpg 649w, https:\/\/vinsrapp.com\/wp-content\/uploads\/2014\/09\/pinot-noir-raisin.jpg 1650w\" sizes=\"auto, (max-width: 190px) 100vw, 190px\" \/><\/a><\/p>\n<h6>Rebsorte : Pinot Noir<\/h6>\n<h6>Farbe : Rubinrot mit purpurroten Farbt\u00f6nen<\/h6>\n<h6>Bukett : Haupts\u00e4chlich von roten Fr\u00fcchten beherrscht (Kirsche und schwarze Johannisbeere)\u00a0 interessante aromatische St\u00e4rke, Feinheit und Gleichgewicht im Gaumen.<\/h6>\n<h6>Passende Gerichte : Rotes Fleisch, Wurstwaren und K\u00e4se in bl\u00fchender Rinde<\/h6>\n<p><a href=\"http:\/\/vinsrapp.com\/wp-content\/uploads\/2019\/09\/echelle-Sec-1.bmp\"><img loading=\"lazy\" decoding=\"async\" class=\"alignnone size-medium wp-image-1974\" src=\"http:\/\/vinsrapp.com\/wp-content\/uploads\/2019\/09\/echelle-Sec-1-300x51.jpg\" alt=\"\" width=\"300\" height=\"51\" srcset=\"https:\/\/vinsrapp.com\/wp-content\/uploads\/2019\/09\/echelle-Sec-1-300x51.jpg 300w, https:\/\/vinsrapp.com\/wp-content\/uploads\/2019\/09\/echelle-Sec-1.bmp 306w\" sizes=\"auto, (max-width: 300px) 100vw, 300px\" \/><\/a><\/p>\n<p>Anbemerkungen:<\/p>\n<p><strong><a title=\"Dans le noir\" href=\"http:\/\/vinsrapp.com\/?page_id=576\">M\u00e9daille d&rsquo;argent Blind tasting Awards \u00ab\u00a0Dans le noir?\u00a0\u00bb<\/a><\/strong><\/p>\n","protected":false},"excerpt":{"rendered":"<p>PINOT NOIR AOC Alsace Rebsorte : Pinot Noir Farbe : Rubinrot mit purpurroten Farbt\u00f6nen Bukett : Haupts\u00e4chlich von roten Fr\u00fcchten beherrscht (Kirsche und schwarze Johannisbeere)\u00a0 interessante aromatische St\u00e4rke, Feinheit und Gleichgewicht im Gaumen. Passende Gerichte : Rotes Fleisch, Wurstwaren und K\u00e4se in bl\u00fchender Rinde Anbemerkungen: M\u00e9daille d&rsquo;argent Blind tasting Awards \u00ab\u00a0Dans le noir?\u00a0\u00bb<\/p>\n","protected":false},"author":1,"featured_media":0,"parent":1152,"menu_order":0,"comment_status":"closed","ping_status":"open","template":"","meta":{"footnotes":""},"class_list":["post-1325","page","type-page","status-publish","hentry"],"_links":{"self":[{"href":"https:\/\/vinsrapp.com\/index.php?rest_route=\/wp\/v2\/pages\/1325","targetHints":{"allow":["GET"]}}],"collection":[{"href":"https:\/\/vinsrapp.com\/index.php?rest_route=\/wp\/v2\/pages"}],"about":[{"href":"https:\/\/vinsrapp.com\/index.php?rest_route=\/wp\/v2\/types\/page"}],"author":[{"embeddable":true,"href":"https:\/\/vinsrapp.com\/index.php?rest_route=\/wp\/v2\/users\/1"}],"replies":[{"embeddable":true,"href":"https:\/\/vinsrapp.com\/index.php?rest_route=%2Fwp%2Fv2%2Fcomments&post=1325"}],"version-history":[{"count":9,"href":"https:\/\/vinsrapp.com\/index.php?rest_route=\/wp\/v2\/pages\/1325\/revisions"}],"predecessor-version":[{"id":2103,"href":"https:\/\/vinsrapp.com\/index.php?rest_route=\/wp\/v2\/pages\/1325\/revisions\/2103"}],"up":[{"embeddable":true,"href":"https:\/\/vinsrapp.com\/index.php?rest_route=\/wp\/v2\/pages\/1152"}],"wp:attachment":[{"href":"https:\/\/vinsrapp.com\/index.php?rest_route=%2Fwp%2Fv2%2Fmedia&parent=1325"}],"curies":[{"name":"wp","href":"https:\/\/api.w.org\/{rel}","templated":true}]}}