{"id":1069,"date":"2018-01-24T09:28:48","date_gmt":"2018-01-24T09:28:48","guid":{"rendered":"http:\/\/vinsrapp.com\/?page_id=1069"},"modified":"2018-05-31T12:42:22","modified_gmt":"2018-05-31T12:42:22","slug":"__trashed-6","status":"publish","type":"page","link":"https:\/\/vinsrapp.com\/?page_id=1069&lang=de","title":{"rendered":"Home"},"content":{"rendered":"<p>Herzlich willkommen auf unserer Seite.<br \/>\nHier k\u00f6nnen Sie unsere Weine und unseren Keller entdecken.<\/p>\n<p><a href=\"http:\/\/vinsrapp.com\/wp-content\/uploads\/2014\/09\/caveau-1-copie.jpg\"><img loading=\"lazy\" decoding=\"async\" class=\"alignnone size-medium wp-image-31\" src=\"http:\/\/vinsrapp.com\/wp-content\/uploads\/2014\/09\/caveau-1-copie-300x199.jpg\" alt=\"caveau 1 copie\" width=\"300\" height=\"199\" srcset=\"https:\/\/vinsrapp.com\/wp-content\/uploads\/2014\/09\/caveau-1-copie-300x199.jpg 300w, https:\/\/vinsrapp.com\/wp-content\/uploads\/2014\/09\/caveau-1-copie.jpg 850w\" sizes=\"auto, (max-width: 300px) 100vw, 300px\" \/><\/a>\u00a0\u00a0<a href=\"http:\/\/vinsrapp.com\/wp-content\/uploads\/2015\/06\/DSC1566.jpg\"><img loading=\"lazy\" decoding=\"async\" class=\"alignnone wp-image-303\" src=\"http:\/\/vinsrapp.com\/wp-content\/uploads\/2015\/06\/DSC1566-300x254.jpg\" alt=\"_DSC1566\" width=\"159\" height=\"135\" srcset=\"https:\/\/vinsrapp.com\/wp-content\/uploads\/2015\/06\/DSC1566-300x254.jpg 300w, https:\/\/vinsrapp.com\/wp-content\/uploads\/2015\/06\/DSC1566-1024x869.jpg 1024w\" sizes=\"auto, (max-width: 159px) 100vw, 159px\" \/><\/a><\/p>\n<p>Erfahren Sie hier alles \u00fcber unseren Unternehmen, alle unsere els\u00e4sser Weinsorten und insbesondere unseren Cr\u00e9mant.<\/p>\n<p>Auf dieser Website finden Sie auch Informationen \u00fcber unseren Familienbetrieb : dessen Geschichte und Neuigkeiten.<\/p>\n<p>Gerne machen wir unsere T\u00fcren f\u00fcr Sie auf.<\/p>\n<p>Wir w\u00fcnschen Ihnen einen angenehmen Besuch und stehen gerne f\u00fcr alle Fragen zur Verf\u00fcgung!<\/p>\n","protected":false},"excerpt":{"rendered":"<p>Herzlich willkommen auf unserer Seite. Hier k\u00f6nnen Sie unsere Weine und unseren Keller entdecken. \u00a0\u00a0 Erfahren Sie hier alles \u00fcber unseren Unternehmen, alle unsere els\u00e4sser Weinsorten und insbesondere unseren Cr\u00e9mant. Auf dieser Website finden Sie auch Informationen \u00fcber unseren Familienbetrieb : dessen Geschichte und Neuigkeiten. Gerne machen wir unsere T\u00fcren f\u00fcr Sie auf. Wir w\u00fcnschen &hellip; <a href=\"https:\/\/vinsrapp.com\/?page_id=1069&#038;lang=de\" class=\"more-link\">Continuer la lecture de <span class=\"screen-reader-text\">Home<\/span>  <span class=\"meta-nav\">&rarr;<\/span><\/a><\/p>\n","protected":false},"author":1,"featured_media":0,"parent":0,"menu_order":0,"comment_status":"closed","ping_status":"open","template":"","meta":{"footnotes":""},"class_list":["post-1069","page","type-page","status-publish","hentry"],"_links":{"self":[{"href":"https:\/\/vinsrapp.com\/index.php?rest_route=\/wp\/v2\/pages\/1069","targetHints":{"allow":["GET"]}}],"collection":[{"href":"https:\/\/vinsrapp.com\/index.php?rest_route=\/wp\/v2\/pages"}],"about":[{"href":"https:\/\/vinsrapp.com\/index.php?rest_route=\/wp\/v2\/types\/page"}],"author":[{"embeddable":true,"href":"https:\/\/vinsrapp.com\/index.php?rest_route=\/wp\/v2\/users\/1"}],"replies":[{"embeddable":true,"href":"https:\/\/vinsrapp.com\/index.php?rest_route=%2Fwp%2Fv2%2Fcomments&post=1069"}],"version-history":[{"count":5,"href":"https:\/\/vinsrapp.com\/index.php?rest_route=\/wp\/v2\/pages\/1069\/revisions"}],"predecessor-version":[{"id":1248,"href":"https:\/\/vinsrapp.com\/index.php?rest_route=\/wp\/v2\/pages\/1069\/revisions\/1248"}],"wp:attachment":[{"href":"https:\/\/vinsrapp.com\/index.php?rest_route=%2Fwp%2Fv2%2Fmedia&parent=1069"}],"curies":[{"name":"wp","href":"https:\/\/api.w.org\/{rel}","templated":true}]}}